) = f*b(s) - 4*k(s). What is j(4)?
6
Let c(a) = 77*a**2 + 1552*a - 301. Let p(d) = 17*d**2 + 347*d - 67. Let q(t) = 5*c(t) - 23*p(t). What is q(-37)?
-1
Let w(n) = -66*n + 28*n - 58 - 15*n**2 + 21*n**2 - n**3 + 20*n + 32*n. Calculate w(7).
-9
Let u(b) = -b**3 + 6*b**2 - 2*b + 2. Let y(s) = s**3 - 14*s**2 + 11*s + 29. Let p be y(13). Let l(g) = -7*g + 26. Let q be l(p). Calculate u(q).
17
Let q(h) = 4*h**2 + h - 2. Let o be q(-2). Suppose 0 = -11*s + 12*s. Suppose 4*d - o*d + 48 = s. Let m(t) = t**3 - 7*t**2 + 7*t - 1. Determine m(d).
5
Let d = 466 + -463. Let p(t) be the third derivative of -t**6/120 + t**5/15 - t**4/8 + t**3/3 + 3*t**2. Let b be p(d). Let z(x) = 6*x + 2. Determine z(b).
14
Suppose -32*b + 450 = 578. Let y(z) = z**3 + 4*z**2 - 12*z - 40. Determine y(b).
8
Let v(b) = 2*b**3 + 0*b**3 - 5 + 0*b**3 - 11*b**2 - 3*b**3. Let s = 14945 + -14956. Give v(s).
-5
Suppose 5*o - 56 = -2*m + 25, 9 = o + 4*m. Suppose 81 = -14*i - o. Let g(p) = p**2 + 10*p + 1. Determine g(i).
-20
Let l(o) = -o**3 - 12*o**2 + 10*o - 31. Let t be l(-13). Let g be -2*(10 + (1 - t)). Let q(b) = -b**3 - 6*b**2 - 2*b + 5. What is q(g)?
17
Let a(z) = z**3 + 5*z**2 - 5*z + 6. Let r be (-2 + -3)*120/100. What is a(r)?
0
Let j(l) = l**3 + 3*l**2 - 2*l - 2. Let p(z) be the second derivative of -z**4/12 + 11*z**3/6 - 21*z**2/2 - 33*z. Let t be p(16). Let o = t + 98. Give j(o).
4
Let o(n) = 2*n**2 - 5*n - 1. Let x(s) = 3*s**3 + 2*s**2 + 2*s + 2. Let z be x(0). What is o(z)?
-3
Let i(h) = -316*h - 955. Let s be i(-3). Let v(o) = 4*o + 19. Calculate v(s).
-9
Let u = 7 + -5. Let w(s) be the third derivative of -5*s**4/12 + s**3/2 + 2*s**2 + 6857*s. Determine w(u).
-17
Let b(a) be the second derivative of -a**3/6 - 5*a**2 - 214*a + 14. Let q be -7*(-2)/(-1 + 3). Suppose -5*u - 32 = -q. Calculate b(u).
-5
Let r(u) = 3*u**2 + 12*u + 8. Suppose 159*j + 599 + 359 - 163 = 0. Give r(j).
23
Let y(u) be the third derivative of u**6/120 + 13*u**5/60 + 13*u**4/24 + u**3/6 + 103*u**2. Suppose -5*j = 4*f - 7 + 79, -5*j - 45 = -5*f. Calculate y(j).
-11
Let k(s) be the third derivative of -11 + 1/8*s**4 + s**2 + 0*s + s**3. Give k(-5).
-9
Let u(j) be the first derivative of -j**4/12 + 7*j**3/6 + 3*j**2 - 61*j - 65. Let t(p) be the first derivative of u(p). Give t(6).
12
Let i(c) be the second derivative of c**5/120 - 41*c**3/3 + c + 2. Let z(w) be the second derivative of i(w). Determine z(2).
2
Let l(y) = -57*y**3 + 16*y**2 - 19*y + 20. Let h(w) = 85*w**3 - 16*w**2 + 20*w - 19. Let d(q) = 2*h(q) + 3*l(q). Calculate d(15).
-8
Let o(g) = 0*g - 3*g + 1 + 1. Let v be -19*(-10)/1140*-18. What is o(v)?
11
Let c(s) = 6*s + 73. Let g(u) = u**3 - 90*u**2 - 476*u + 82. Let k be g(95). What is c(k)?
-5
Let j(k) = -k**2 - 18*k - 125. Let t(a) = -a**2 - 17*a - 103. Let b(r) = 5*j(r) - 6*t(r). Give b(-11).
-18
Let z(h) = 6*h**2 - 14*h - 8. Let g(n) = 11*n**2 - 29*n - 13. Let r(a) = -5*g(a) + 9*z(a). Determine r(17).
27
Let w = 280 + -270. Suppose 27*u - w*u + 51 = 0. Let l(b) = -3*b**2 - 2*b + 2. Calculate l(u).
-19
Let p(y) be the first derivative of y**3/3 + 3*y**2 - 25*y - 678. Determine p(-11).
30
Let p(q) = q**3 - 21*q**2 - 15*q + 2. Let u(g) = -2*g**2. Let s(c) = p(c) - 4*u(c). What is s(14)?
-12
Let i(v) be the first derivative of 15*v**2/2 - 314*v - 2848. Determine i(22).
16
Suppose 0 = -20*l + 16*l + 3*a - 7, 0 = -2*a + 10. Let f(r) = 11 + 11*r**2 - l + 19*r - 19*r**3 + 20*r**3. What is f(-9)?
0
Let a(u) = 2*u**2 - 4*u + 2. Let g(o) be the second derivative of o**3/3 + 19*o**2 - 4*o. Let l = -99 - -81. Let w be g(l). What is a(w)?
2
Let q(j) = -4*j**3 + 6*j**2 + 5*j - 9. Let t = 1463 + -1461. Calculate q(t).
-7
Let q(w) = 298 + 3*w + w**3 - 299 + 4*w**2 - 2*w. Let b(a) = 2*a**2 - 1 - 3 + 7*a**2 + 0*a**2 + a**3. Let k be b(-9). Calculate q(k).
-5
Let n = -13089 - -13087. Let g(t) be the first derivative of t**3/3 - 3. Calculate g(n).
4
Suppose 200 = 5*b + 45. Suppose -2*p + 18 = 4*d, -4*p - p + b = 3*d. Let h(a) = 120*a**d - 1 - 121*a**2 + 0 - 4*a. Determine h(-3).
2
Let a(n) = -124*n + 502. Let p be a(4). Let j(v) = -v + 1. Let q be 1 + 1*(-4)/2. Let k(z) = -4. Let b(g) = q*k(g) + 3*j(g). Determine b(p).
-11
Let z(s) = 158 + 126 + 0 + 21 + 579*s - 597*s. Calculate z(17).
-1
Let o(n) = -3*n**2 + 90*n + 4. Let r be o(30). Let p(l) = 2*l + 1. Let g(w) = 1. Let k be (-1)/((-3)/(-15)) - -3. Let i(j) = k*g(j) + p(j). Determine i(r).
7
Let f be ((-7)/2 - -2)*(-4 + 2). Let l(r) = r - r - 6 - f*r + 2*r. Let a be 156/16 + 28/(-16). Calculate l(a).
-14
Suppose 3*x - 6 = 0, 2*r - 2 + 18 = 3*x. Let a(o) = 3*o + 12. Calculate a(r).
-3
Let o = 214925 - 214927. Let x(m) = -2*m + 1. Let v(k) = -4*k + 2. Let f(t) = 6*v(t) - 13*x(t). What is f(o)?
-5
Let h(k) = 3*k - 12. Suppose 5*o = 4*g - 75, 0 = g - 0*o + 4*o - 3. Suppose 4*u = 4*j - j - g, -3*u + 9 = 0. Determine h(j).
15
Let l(o) = -o**3 + 77*o**2 - 60*o - 1218. Let r be l(76). Let t(c) = -5*c**3 - 5*c**2 - 3*c + 6. Give t(r).
32
Let s(h) = 8*h + 1. Let w(p) = 120*p + 104. Let c(l) = 12*s(l) - w(l). Determine c(-4).
4
Let u(c) = -2*c - 15 + 26 + c - 7*c - 14. Let w = 27 - 29. Calculate u(w).
13
Let z(v) = -v + 1. Let l be z(5). Let i(x) = 8 - 3*x - 10 + 2*x**2 + 0*x + 3*x. What is i(l)?
30
Let l(a) be the first derivative of -a**5/60 + 5*a**3/6 - 133*a**2/2 + 212. Let k(d) be the second derivative of l(d). Give k(3).
-4
Let d = 365 - 125. Let m = d + -235. Let x(o) = o**3 - 6*o**2 + 6*o. Calculate x(m).
5
Let b(c) = c**2 + 80*c + 25. Let v(k) = 2*k**2 + 138*k + 50. Let p(u) = -5*b(u) + 3*v(u). What is p(-14)?
25
Suppose -15 + 3 = -4*o + 3*p, 2*p = 3*o - 10. Let l(v) = 3*v - 9*v - 54 + v + 48. Calculate l(o).
-36
Let o(u) be the first derivative of -15*u**2/2 + 14*u - 3728. Give o(7).
-91
Let l(v) = -101*v**2 - 48*v - 198. Let p(m) = -130*m**2 - 64*m - 264. Let t(d) = 9*l(d) - 7*p(d). Determine t(-6).
6
Let z(h) = h**2 + h - 1. Let x be z(0). Let d(g) = -187*g + 3. Let l(n) = 94*n - 1. Let i(u) = d(u) + 2*l(u). What is i(x)?
0
Let d(s) = 2*s - 4554 + 4556 + 0*s. Suppose -3*m - 10 = -1. Let g be (m/4)/((-18)/48). Give d(g).
6
Let x be (1 + 32)/(-46 - -43). Let o(z) = -z**2 - 7*z + 16. What is o(x)?
-28
Let h = 2 + 9. Let m(j) = 4*j**2 + j + 74. Let q be m(0). Let a(n) = q*n + 81*n - 154*n - 8. What is a(h)?
3
Let b = -4740 + 4732. Let h(w) be the second derivative of w**3/6 - w**2/2 - 2*w. Calculate h(b).
-9
Let v(b) = b**2 + 2 - 16*b + 24*b - 1 - 16*b. Let o be v(9). Suppose o*u - 15*u = 25. Let w(n) = n**2 + 5*n + 5. Calculate w(u).
5
Let z(i) = -i**3 + 7*i**2 + i - 6. Suppose -14*m - 168 = -12*m. Let x = m + 91. Calculate z(x).
1
Let s(o) be the third derivative of -5*o**4/24 + o**3 - 2*o**2 + 53*o - 2. Let u(z) = -3*z - 1 + 0*z - 1. Let r be u(-2). Calculate s(r).
-14
Let n(o) be the third derivative of -13*o**4/24 + o**3/6 + 10*o**2 - 3. Calculate n(3).
-38
Let i(s) be the third derivative of -1/12*s**4 + 0 + 0*s - 19/120*s**6 - 1/6*s**3 - 50*s**2 - 1/60*s**5. Determine i(-1).
19
Let r(q) be the second derivative of -2*q**2 + 5/6*q**3 - 73*q - 1. What is r(5)?
21
Let a be (-2)/(-4*(34/(-12) + 3)). Let b(z) = -4*z + 3*z**2 - 5*z**2 + a*z. Suppose -3*h = -3*r - 3, -2*h + h = 5*r - 1. Determine b(h).
-3
Let a(s) = s**3 + 6*s**2 + 4*s - 2. Let x(g) = g**3 - 5*g**2 - 2. Let y be x(6). Let j(i) = 34*i + 29. Let p be j(-2). Let d = p + y. Determine a(d).
3
Let l(q) = 3*q + 4. Let p(u) = -75*u - 137. Let k(j) = 108*l(j) + 4*p(j). Calculate k(5).
4
Let k(s) = 40*s + 61. Let n(z) = -5*z - 5. Let x(h) = -k(h) - 4*n(h). Give x(-2).
-1
Let o(j) = 415*j**2 - 81*j - 9. Let k(n) = -131*n**2 + 26*n + 3. Let z(s) = -19*k(s) - 6*o(s). Suppose p = 5*p + 36. Calculate z(p).
-12
Suppose m + 4*t = 260 - 240, 52 = -3*m + 4*t. Let k(x) = x**2 - 3*x - 92. Give k(m).
-4
Let g = 7 - 9. Let r(y) = -18*y - 94. Let h(o) = -2*o - 15. Let k(s) = -6*h(s) + r(s). Calculate k(g).
8
Let n = -1 - -10. Let o(g) = -n - 11*g + 3*g**2 - 2*g**2 - 4*g + 0 - g. Give o(16).
-9
Let m(w) = -7*w**3 - w**2 - w + 1. Let i be m(1). Let f(v) be the second derivative of v**4/12 + 3*v**3/2 + 5*v**2 + 129*v. Calculate f(i).
2
Let q = 6840 - 6826. Let n(r) = r**2 - 7*r - 24. Determine n(q).
74
Let l(v) be the second derivative of v**6/72 + v**5/120 - 8*v**3/3 + 2*v. Let g(h) be the second derivative of l(